1. Let u be n(6). Let j be -1 + 0 + 7 - u. Calculate the greatest common factor of t and j.
5
Let z be (588/35*1)/((-2)/(-105)). Let u(j) = -j + 13. Let s be u(0). Suppose s*r + z = 20*r. What is the highest common factor of r and 14?
14
Let o = 37 - -339. Calculate the greatest common factor of 1034 and o.
94
Let z(g) = 10*g + 36. Let j be z(0). Suppose 2*o + 3*n = 192, -2*n - 3*n = 4*o - 384. What is the highest common factor of j and o?
12
Let o be (204/10)/((-48)/(-1360)). What is the greatest common factor of o and 408?
34
Let c = 20 + -4. Suppose 0 = -4*m + 20. Let s be ((-2)/(-4))/((m - 1)/128). What is the greatest common divisor of s and c?
16
Let c = 4 - 0. Suppose 0 = s + 2*i - 15, i = 8 - c. Let w be (174/12 - 4)/((-54)/(-288)). Calculate the highest common divisor of w and s.
7
Let u(l) = 2604*l**2 - 56*l - 146. Let h be u(-3). Calculate the highest common factor of h and 74.
74
Let f be -2 + (-46)/2 + 2. Let t be 2/(-12) - -302*1/12. Let u = t + f. Calculate the greatest common divisor of 22 and u.
2
Suppose 2*a = 3*y + 16 + 1, 5*a - 20 = 5*y. Let n be ((-30)/y)/((-10)/90). Let h = 31 + n. What is the highest common divisor of 11 and h?
1
Suppose 0 = -8*g - 236 + 500. Calculate the greatest common factor of g and 671.
11
Let i be -1*(-24)/18 - 10/(-6). Suppose -5*x + i*x = -4. Let c be (2172/21)/x + 4/14. Calculate the highest common divisor of c and 130.
26
Suppose j - 252 = -5*j. Suppose -h = -4*o - 352, -5*o - 1672 = -5*h - 7*o. Calculate the greatest common divisor of j and h.
42
Let f be -1 + 26 + 65 + -78. Calculate the greatest common divisor of 4116 and f.
12
Suppose -9*j - 146 = -x - 7*j, 0 = 5*j + 20. What is the greatest common factor of x and 96?
6
Let z(s) = -586*s + 3724. Let j be z(6). Calculate the highest common factor of 1196 and j.
52
Let z(j) = -73*j + 118*j + 14*j**3 + 6*j**2 - 15*j**3 + 11. Let u be z(-5). What is the greatest common divisor of 61 and u?
61
Let x(n) = -n**2 + 5*n + 54. Let d be x(10). Suppose -3*y - 1798 = -5*y - 4*k, d*y + 5*k - 3587 = 0. Calculate the highest common factor of y and 19.
19
Let k(h) = 4*h + 67. Let i be k(-8). Suppose -39*n - 5*s = -i*n - 527, s = -4*n + 547. Calculate the highest common factor of n and 184.
46
Suppose -4*l - 4*p = 28, 18 - 53 = 5*l + p. Let i(q) = q**3 + 8*q**2 + 9*q + 38. Let z be i(l). What is the greatest common factor of 32 and z?
8
Suppose 508 - 162 = 52*k - 434. Calculate the greatest common divisor of k and 825.
15
Let h be ((-2)/1)/(39/(-1053)). Let d be ((-165 - -3)/1)/(9/(-6)). Calculate the highest common divisor of d and h.
54
Let n = 2133 - 1143. What is the greatest common factor of n and 135?
45
Let u(n) = -1737*n - 453. Let i be u(-2). Calculate the greatest common divisor of 76 and i.
19
Let z be (-4)/((-32)/34200*(-9)/(-6)). Suppose 31*q - z = 6*q. What is the highest common divisor of 152 and q?
38
Let w(q) = -q**3 + 9*q**2 - 8*q + 2. Let m be w(8). Suppose m*s - 210 = -3*s. Let j = 10718 - 10711. Calculate the highest common divisor of j and s.
7
Let z(h) = -h**3 + 67*h**2 - 7*h + 477. Let x be z(67). What is the greatest common factor of x and 5912?
8
Suppose -33*x + 84 = -21*x. Let r = 15 - x. Calculate the highest common divisor of r and 2.
2
Let x(c) = -c**2 - 99*c - 403. Let d be x(-72). Calculate the greatest common divisor of 67 and d.
67
Let d(v) = -72*v**2 - 811*v - 192. Let y be d(-9). Suppose 4*i = 20 + 80. Calculate the greatest common factor of i and y.
25
Suppose 4*v = -4*l + 472, 0 = 138*l - 140*l - 4*v + 234. What is the greatest common divisor of 6664 and l?
119
Suppose 344*y - 340*y = -4*i + 111712, -3*y + 3*i = -83760. What is the greatest common factor of 12 and y?
12
Let i(h) be the third derivative of h**5/20 + 3*h**4/8 - 4*h**3 - h**2. Suppose -96 = 13*j - j. Let n be i(j). What is the greatest common divisor of n and 12?
12
Let t(k) = 42 - k**3 + 7*k - 2*k**2 - 13*k**2 + 12*k**2 + 13*k. Let v be t(-7). What is the greatest common divisor of v and 392?
98
Suppose -108 = 3*z + 4*f + 128, 0 = -3*z - 2*f - 226. Let r = -7 - z. What is the highest common divisor of 5 and r?
5
Let s(u) = u**2 - 43. Let r be s(0). Let i = -3 - r. Suppose -177 = 11*v - 232. What is the highest common factor of v and i?
5
Let b = -91 + 91. Suppose r = 2*f - 0*r + 353, b = -3*r + 15. Let j = -98 - f. Calculate the highest common divisor of 19 and j.
19
Suppose 2*w - 7 = 3*p + 64, 4*p + 4 = 0. Let v(s) = 3001*s**2 + 13 + 30 - 2*s - 3000*s**2 - 10. Let c be v(7). What is the highest common factor of c and w?
34
Suppose -u - 4*k = -12, -u + 178 = -5*k + 139. Let j be 1/1*43 + -1. Calculate the highest common factor of u and j.
6
Let q = 21 - 6. Let i(j) = 4*j + 70. Let a be i(-19). Let d be a/16 + 119/168*9. What is the highest common divisor of d and q?
3
Let k(w) = -w**2 + 8*w + 12. Let p be (-1)/(4/(-152)) - (-1 + 2). Suppose -h - 32 + p = 0. Let v be k(h). What is the greatest common divisor of 216 and v?
27
Let d = 6044 + -6029. Calculate the highest common factor of d and 3240.
15
Let l be ((-1008)/(-384) + 1/(-8))/(2/4). Calculate the greatest common divisor of 213 and l.
1
Let y be 9/5 + (-8)/(-40). Let d(z) = 9*z + 26. Let f(k) = 3*k + 9. Let v(l) = 2*d(l) - 7*f(l). Let s be v(-9). Calculate the highest common divisor of s and y.
2
Suppose -6*q + 5*t + 248 = 0, -58 = -2*q - 5*t - 2. Let o be -204 + (1 - 0)*1. Let x = o + 469. What is the highest common factor of x and q?
38
Let i(t) = -2*t**2 - 11*t - 4. Let v be i(-11). Let w be 2 + 3/((-15)/v). Let u be 1008/w + 2/3. What is the greatest common divisor of u and 190?
38
Let f(y) = 11*y - 9*y**2 - 4*y**3 + 4 + 3 + 5*y**3. Let a be f(8). Let b be (-1)/6 + (-74500)/(-600). Calculate the highest common factor of a and b.
31
Suppose -825 = -79*h + 4*h. Calculate the highest common divisor of 3454 and h.
11
Let s(o) = -5*o**3 - o**2 - o - 2. Let j be s(-2). Let d be ((-11)/(-44))/(-1) + 2379/12. What is the greatest common divisor of d and j?
18
Suppose -196*x - 34272 = -230*x. Calculate the greatest common factor of x and 196.
28
Suppose -26*d - 1231 = -2167. What is the greatest common divisor of d and 19044?
36
Suppose -8*g + 21*g + 13*g = 0. Suppose g = 3*r - 6 - 18. Let l = 40 - 24. What is the greatest common factor of l and r?
8
Let j be 1213/9 - 4/(-18). Let y(t) = -13*t + 7. Let w be y(-9). Let m = -109 + w. Calculate the highest common factor of j and m.
15
Suppose 0 = -3*a - 5*h - 85, -5*h - 6 + 21 = -a. Let j = 30 + a. Suppose -p = -j*x + 76, 2*x - 2*p - 40 = -x. Calculate the highest common divisor of x and 48.
16
Suppose -3*p = -2*z + 92, 92 = -z + 3*z + 2*p. Let y(i) = i**3 + 2*i**2 + i - 1. Let s be y(-4). Let m = z + s. What is the greatest common factor of m and 99?
9
Let s be (-4)/(-26) + (-270)/65. Let t be (-3)/(s - 52/(-16)). Suppose 5*n - 182 = -w, 6*w - 7*w = -2. Calculate the greatest common factor of n and t.
4
Let x(q) = 87*q**2 - 532*q + 3170. Let l be x(6). Calculate the greatest common divisor of l and 140.
10
Let q = -2059 + 4841. What is the greatest common divisor of q and 26?
26
Let m be ((-34)/3)/((-4)/6) + -1. Suppose -8 = -m*p + 8*p. What is the highest common divisor of p and 2?
1
Let j(n) be the second derivative of -n**3/6 - n**2/2 - 3*n. Let s be j(-5). Let u be 712/20 + s/10. Calculate the highest common factor of u and 54.
18
Let y = -3235 + 5383. What is the highest common divisor of y and 36?
12
Let l = 2473 + -2466. Suppose 3*w = 24 + 60. Calculate the highest common factor of w and l.
7
Suppose -166*a + 5340 = -123*a - 2400. Calculate the highest common factor of a and 3735.
45
Let v be (-4)/2 + 2 - (86 - -1). Let g be 2/8*-2*2*v. Suppose -3*p - 4*z = -2*p - 29, p - 4*z = 29. What is the greatest common factor of p and g?
29
Let u be 24/(-15)*(-95)/2. Let n = -4820 + 5048. Calculate the highest common divisor of n and u.
76
Let w(q) = 226*q + 8. Let p be w(2). Suppose -4*y + 4*s + p = 0, -6*s - 466 = -4*y - 5*s. Let t = -11 - -50. Calculate the greatest common divisor of y and t.
39
Let s(d) = 3*d**3 - 5*d**2 + 7*d - 3. Let o be s(5). Suppose o = 9*f - 3*f. Calculate the highest common divisor of f and 235.
47
Suppose -981*v = -857*v - 39680. What is the highest common divisor of v and 14560?
160
Let y = -569 + 1352. Calculate the greates